ist the prime factors of 892445299.
83, 97, 110849
What are the prime factors of 4266064?
2, 11, 24239
What are the prime factors of 270960960?
2, 3, 5, 17, 16603
What are the prime factors of 1266233982?
2, 3, 13, 1321, 12289
What are the prime factors of 14212155?
3, 5, 859, 1103
What are the prime factors of 139392176?
2, 7, 11, 113143
List the prime factors of 38488287.
3, 1741, 7369
List the prime factors of 47573883.
3, 7, 59, 12799
What are the prime factors of 439557593?
17, 1201, 21529
What are the prime factors of 28418360?
2, 5, 710459
List the prime factors of 6661457608.
2, 13, 19, 3371183
What are the prime factors of 3365610785?
5, 17, 39595421
What are the prime factors of 819921478?
2, 19, 67, 307, 1049
What are the prime factors of 206858898?
2, 3, 11492161
What are the prime factors of 2844619001?
7, 23, 1019, 2477
What are the prime factors of 310575029?
310575029
List the prime factors of 71476817.
41, 1163, 1499
List the prime factors of 205178927.
205178927
What are the prime factors of 7453107?
3, 276041
List the prime factors of 244081188.
2, 3, 13, 167, 347
List the prime factors of 98267504.
2, 251, 24469
List the prime factors of 40779793.
40779793
What are the prime factors of 1828142293?
71, 25748483
What are the prime factors of 73689856?
2, 287851
List the prime factors of 320208551.
13, 2351, 10477
List the prime factors of 161652284.
2, 40413071
List the prime factors of 1012110604.
2, 253027651
What are the prime factors of 1016701550?
2, 5, 67, 303493
What are the prime factors of 112148822?
2, 3851, 14561
List the prime factors of 335320245.
3, 5, 13, 573197
What are the prime factors of 33396415?
5, 13, 17, 30223
List the prime factors of 507682266.
2, 3, 7, 13, 23, 40427
What are the prime factors of 37628331?
3, 13, 964829
What are the prime factors of 40980525?
3, 5, 41, 13327
What are the prime factors of 6460683977?
11, 3347, 175481
List the prime factors of 295932428.
2, 11, 6725737
What are the prime factors of 53049694?
2, 26524847
List the prime factors of 2834486117.
4201, 674717
List the prime factors of 8489942074.
2, 599, 7086763
List the prime factors of 2480948975.
5, 17, 37, 157771
List the prime factors of 51309228.
2, 3, 23, 185903
List the prime factors of 56698720.
2, 5, 13, 27259
List the prime factors of 648653077.
61, 10633657
What are the prime factors of 87995890?
2, 5, 547, 16087
What are the prime factors of 957365659?
17, 53, 61, 17419
List the prime factors of 5479470105.
3, 5, 29, 12596483
List the prime factors of 93207280.
2, 5, 761, 1531
What are the prime factors of 430426823?
430426823
List the prime factors of 461990996.
2, 29, 67, 59443
List the prime factors of 144124318.
2, 13, 5543243
List the prime factors of 4619163307.
11, 419923937
What are the prime factors of 976901262?
2, 3, 43, 293, 12923
What are the prime factors of 629788876?
2, 911, 172829
What are the prime factors of 46267293?
3, 173, 239, 373
What are the prime factors of 1357851408?
2, 3, 28288571
List the prime factors of 15001659.
3, 19, 29243
List the prime factors of 749864207.
277, 2707091
List the prime factors of 186738313.
41, 67, 67979
List the prime factors of 123100588.
2, 13, 463, 5113
What are the prime factors of 937440508?
2, 234360127
What are the prime factors of 50206136?
2, 293, 21419
List the prime factors of 1274524046.
2, 637262023
What are the prime factors of 163034242?
2, 7, 43, 270821
What are the prime factors of 966145399?
966145399
What are the prime factors of 40519980?
2, 3, 5, 75037
List the prime factors of 219594387.
3, 47, 1557407
List the prime factors of 411234167.
163, 2522909
What are the prime factors of 254412311?
79, 3220409
What are the prime factors of 275725263?
3, 11, 131, 63781
What are the prime factors of 127326062?
2, 7699, 8269
What are the prime factors of 51449753?
51449753
List the prime factors of 332828350.
2, 5, 613, 10859
What are the prime factors of 2386138061?
19751, 120811
What are the prime factors of 4909161916?
2, 373, 3290323
List the prime factors of 5382974738.
2, 2691487369
List the prime factors of 1531280929.
31, 53, 932003
What are the prime factors of 405902146?
2, 13, 107, 145903
What are the prime factors of 489886041?
3, 1117, 146191
What are the prime factors of 1940324849?
71, 157, 174067
List the prime factors of 174695383.
17, 41, 263, 953
List the prime factors of 1342532734.
2, 67, 1097, 9133
List the prime factors of 5621187436.
2, 1405296859
List the prime factors of 134761553.
134761553
What are the prime factors of 1110797303?
7, 11, 1311449
List the prime factors of 15208473.
3, 7, 307, 337
List the prime factors of 73073459.
563, 129793
List the prime factors of 763163187.
3, 254387729
List the prime factors of 24225032.
2, 13, 109, 2137
List the prime factors of 768343630.
2, 5, 251, 443, 691
What are the prime factors of 3475683848?
2, 7, 13, 1217, 3923
List the prime factors of 1867253184.
2, 3, 3241759
List the prime factors of 11153622.
2, 3, 1858937
What are the prime factors of 126018836?
2, 149, 211441
List the prime factors of 7878481622.
2, 11, 223, 1605887
What are the prime factors of 14644454?
2, 11, 193, 3449
List the prime factors of 70704873.
3, 47, 55717
What are the prime factors of 239369499?
3, 773, 3823
What are the prime factors of 558326274?
2, 3, 11, 17, 41, 53, 229
What are the prime factors of 52923310?
2, 5, 11, 149, 3229
What are the prime factors of 259996113?
3, 13, 17, 67, 1951
List the prime factors of 93380000.
2, 5, 7, 23, 29
What are the prime factors of 960498292?
2, 13, 691, 26731
What are the prime factors of 1257587127?
3, 53, 197, 1487
What are the prime factors of 185254134?
2, 3, 13, 17, 139709
What are the prime factors of 821378628?
2, 3, 7, 3259439
List the prime factors of 26376265.
5, 17, 227, 1367
What are the prime factors of 437979355?
5, 11, 19, 107, 3917
List the prime factors of 709127913.
3, 13, 73, 249079
What are the prime factors of 1754196257?
11, 159472387
What are the prime factors of 149941211?
7, 1373, 15601
List the prime factors of 273409655.
5, 54681931
What are the prime factors of 158064247?
11, 71, 202387
List the prime factors of 40962655.
5, 23, 356197
List the prime factors of 116068050.
2, 3, 5, 7, 36847
What are the prime factors of 3658030274?
2, 239, 7652783
List the prime factors of 6082128449.
5419, 1122371
List the prime factors of 78543909.
3, 47, 185683
What are the prime factors of 180895656?
2, 3, 19, 20879
List the prime factors of 42905638.
2, 277, 77447
What are the prime factors of 52258437?
3, 7, 11, 73, 1033
What are the prime factors of 1109879560?
2, 5, 503, 55163
List the prime factors of 542166181.
542166181
List the prime factors of 95999874.
2, 3, 1511, 10589
List the prime factors of 642620222.
2, 29, 11079659
List the prime factors of 20978594.
2, 7, 13, 73, 1579
What are the prime factors of 61923950?
2, 5, 11, 112589
List the prime factors of 128088372.
2, 3, 10674031
List the prime factors of 1020712754.
2, 439, 1162543
What are the prime factors of 546988581?
3, 60776509
List the prime factors of 5062419401.
13, 1217, 319981
What are the prime factors of 845216872?
2, 97, 1089197
What are the prime factors of 3794882635?
5, 19, 757, 52769
What are the prime factors of 58157716?
2, 59, 263, 937
What are the prime factors of 3637880797?
43, 2833, 29863
List the prime factors of 489911559.
3, 17, 2953, 3253
List the prime factors of 533031478.
2, 7, 83, 458719
List the prime factors of 3322476658.
2, 487, 1063, 3209
What are the prime factors of 4059839281?
43, 94414867
List the prime factors of 1550210629.
11, 61, 643, 3593
List the prime factors of 92299021.
103, 896107
List the prime factors of 241579056.
2, 3, 5032897
List the prime factors of 57982149.
3, 23, 31123
List the prime factors of 1172177088.
2, 3, 6105089
List the prime factors of 49342547.
2999, 16453
List the prime factors of 241305426.
2, 3, 31, 47, 3067
List the prime factors of 94035265.
5, 83, 347, 653
What are the prime factors of 14573734?
2, 7, 1040981
List the prime factors of 197117482.
2, 17, 79, 73387
List the prime factors of 3559175750.
2, 5, 13, 401, 2731
List the prime factors of 699308198.
2, 349654099
What are the prime factors of